 is divided by r?
15
Let w = 36 + -53. Let y be 57 - (-1 + 1 + -1). Let h = w + y. Calculate the remainder when h is divided by 14.
13
Suppose -10 = -0*i - 2*i - 5*t, -2*i = -4*t - 46. What is the remainder when 57 is divided by i?
12
Suppose -11 + 3 = -4*j. Suppose 2*b - 6*b = -72. Suppose j*a + a = b. What is the remainder when 10 is divided by a?
4
Let z be -2 + (-2 - -2) - -4. Suppose 0 = k - 3*m - 37, 3*k - 120 = -2*k + z*m. What is the remainder when 65 is divided by k?
21
Suppose 0 = -s + 15 + 21. Calculate the remainder when -1*(s/(-3) + 2) is divided by 4.
2
Calculate the remainder when 98/3 - (-2)/(-3) is divided by 17.
15
Suppose -6 = -k + 57. Suppose -11 + k = 4*l. What is the remainder when 24 is divided by l?
11
Suppose 2*b + 19 = 3*b. Calculate the remainder when 73 is divided by b.
16
What is the remainder when 47 is divided by (-172)/(-14) + 22/(-77)?
11
Let s(m) = -m**3 - 7*m**2 + m + 4. Let r be s(-7). What is the remainder when (1 + 7/(-3))*-12 is divided by 3 - (3 + r - 3)?
4
Let v(d) = -d**3 - 15*d**2 - 16*d + 11. What is the remainder when v(-14) is divided by 21?
18
Let v be (-2)/(-1) + 1 - -11. Let j be (-4)/v + (-9)/(-7). Suppose 10 = l + j. What is the remainder when 17 is divided by l?
8
Let a be 121/(-2) + 4/8. Let r = -22 - a. What is the remainder when r is divided by (13 - 0/(-1))/1?
12
Let f be -2*1/(-6)*12. Suppose 163 = -f*q - 113. Let b = -35 - q. What is the remainder when b is divided by 12?
10
Let u(p) = -5*p + 2 - 3*p**2 + 0*p**2 + 2*p**2. Let a be u(-4). What is the remainder when 41 is divided by (-144)/(-10) + a/(-15)?
13
Suppose 2*z - u = z + 16, -4*z - 4*u + 56 = 0. Suppose 4*r - r = -4*g + 67, 83 = 2*r - 5*g. What is the remainder when r is divided by z?
14
Suppose -5*l = -122 + 37. Let k(p) = p + p - 3*p + p**3 + 9. What is the remainder when l is divided by k(0)?
8
Suppose 2*j - c - 109 = -2*j, -4*c - 20 = 0. What is the remainder when j is divided by 88/6 + (-2)/3?
12
Let u(n) = -6*n - 24. What is the remainder when 29 is divided by u(-7)?
11
Let x = -38 + 69. Calculate the remainder when x is divided by 8.
7
Let t be (4/(-10))/(1/(-25)). What is the remainder when 95 is divided by (96/t)/((-15)/(-50))?
31
Calculate the remainder when 80 is divided by 21*(1 + -2 - -2).
17
Let a = -4 + 14. Calculate the remainder when a is divided by 4.
2
Suppose -5*r = 5*j - 10, 2 = 3*r - j - 12. Suppose 0*h = r*h. Suppose -v + 2*v - 12 = h. Calculate the remainder when 35 is divided by v.
11
Let v(a) = a + 19. Let f = -6 + 32. What is the remainder when f is divided by v(-10)?
8
Let p be -2 - 4/(-6)*12. Suppose 130 = -u + p*u. Calculate the remainder when 8 is divided by u/6 - (-2)/3.
3
Suppose -4*m = -56 - 68. What is the remainder when m is divided by 8?
7
Let q = 41 + -37. Calculate the remainder when 4 is divided by q.
0
Let b = 33 - 49. Let q = -5 - b. What is the remainder when q is divided by 3?
2
Suppose -13*t + 11*t = -36. Calculate the remainder when 107 is divided by t.
17
Let q(r) = 23*r - 1. Let t(w) = -w + 2. Let s be t(1). Let c be q(s). Let l = c - 10. Calculate the remainder when 34 is divided by l.
10
Let k = 99 - 190. Let h = -30 - k. What is the remainder when h is divided by 16?
13
Suppose 3*v = 5*y - 1, -y = v + 4*v - 17. Suppose 2*i - 8 = x, -2*i - i + 5 = y*x. What is the remainder when (x - 1)/((-3)/46) is divided by 16?
14
Let m be (-54)/(-8) + 8/32. Let d = m - -1. What is the remainder when 13 is divided by d?
5
Let z = -2 - -4. Suppose 0*n - 30 = -z*n. What is the remainder when n is divided by 9?
6
Suppose u = -2*d - 3*d + 30, -d - 10 = -3*u. What is the remainder when 24 is divided by d?
4
Suppose -28 = -3*r + 2*r. Suppose m + 4*z - 25 = 0, -m + r - 7 = 5*z. What is the remainder when m is divided by 11?
8
Let u be (8/10)/((-2)/(-5)). Let y(z) = -7 + z**u - 4*z + 8*z + 0. Calculate the remainder when 9 is divided by y(-6).
4
Let x = -8 - -4. What is the remainder when -1*(-17)/(-1)*x is divided by 23?
22
Let q(j) = -j**3 - j**2 + 11*j + 6. Calculate the remainder when 18 is divided by q(-4).
8
Suppose -5*d + 4*t = -155 + 21, -50 = -2*d - 2*t. Calculate the remainder when d is divided by 7.
5
Suppose 0 = 15*s + 4*s - 57. What is the remainder when ((-1)/2 + 1)*22 is divided by s?
2
Calculate the remainder when 1 + (0 + -3)/(-1) is divided by 4.
0
Suppose -3*a + 3 = 6, 5*b = 2*a + 77. What is the remainder when 41 is divided by b?
11
Let q = 2 + 6. Calculate the remainder when 15 is divided by q.
7
Let d(f) = -2*f - 3. What is the remainder when 13 + 1 - 0 - 3 is divided by d(-3)?
2
Let w(y) = y - 11. Calculate the remainder when 13 is divided by w(15).
1
Suppose 2*c = -0*c + 2. Suppose 0*v = 5*v + x - 13, -5*x - c = 3*v. What is the remainder when v is divided by 3?
0
Let j = -8 - -13. Let c(q) = q**2 + q - 1. Let g be c(0). What is the remainder when j is divided by (g - -1)/3 + 3?
2
Suppose 2*t - 4 = 3*m - 20, 3*m + 9 = -3*t. Suppose 8 = m*i - 0. Suppose i*o + 4*a = 116, 4*o - 5*a - 107 = -0*o. What is the remainder when o is divided by 10?
8
Calculate the remainder when (-104 + (1 - 5))/(-1) is divided by 22.
20
Let o(y) = -y**2 - 7*y + 6. What is the remainder when o(-6) is divided by 8?
4
Suppose -3*q + 123 - 18 = 0. Suppose -3 = -2*b + q. What is the remainder when 74 is divided by b?
17
Let p be (-236)/(-28) - 6/14. Let j = 22 - p. Suppose -5*t + 31 = -3*i, -2*i = 2*t - 8 + 2. What is the remainder when j is divided by t?
4
Let h = 296 + -202. What is the remainder when h is divided by 33?
28
Let u(z) = z + 7. What is the remainder when u(-3) is divided by 2?
0
Let d be ((-18)/(-15))/(4/10). Suppose -d*n + 42 - 18 = 0. Calculate the remainder when 13 is divided by n.
5
Let i(f) = -f**2 + 14*f + 5 - f + 10. Let m be i(11). Let q = m - 23. Calculate the remainder when 40 is divided by q.
12
Suppose -3*i = 19 - 67. What is the remainder when i is divided by 9?
7
Let f = -31 - -38. Calculate the remainder when 45 is divided by f.
3
Let h = -23 + 33. What is the remainder when 38 is divided by h?
8
Suppose -2*b - 141 = -5*b. Let t = 33 - 17. Calculate the remainder when b is divided by t.
15
Suppose 0*l = 5*l - 45. What is the remainder when (12/(-30))/((1/65)/(-1)) is divided by l?
8
Let c(n) = -n**2 - 6*n + 5. Suppose -6*l - 18 = -3*l. What is the remainder when 28 is divided by c(l)?
3
Let o = 0 + 15. Suppose -5*q + q + 49 = -d, -q = -3*d - o. Calculate the remainder when 34 is divided by q.
10
Let g = -68 + 100. Calculate the remainder when g is divided by 11.
10
Let j be (32/12)/((-2)/(-9)). What is the remainder when 18 is divided by 21/2 - 6/j?
8
Suppose -x + 5*p = -0*p - 48, -4*x + 150 = p. Calculate the remainder when 72 is divided by x.
34
Suppose -5*r = -g - 63, -6*r + 3*r - 4*g + 47 = 0. Calculate the remainder when 22 is divided by r.
9
Suppose -2*x - 3*o + 4 + 22 = 0, 2*x + 2*o = 28. Calculate the remainder when 61 is divided by x.
13
Let j(c) = 5*c + 4. Suppose 5*i = 2*x + 80, 0 = -7*i + 4*i - 3*x + 48. What is the remainder when j(5) is divided by i?
13
Let n = 2 + 1. Suppose 2*c - c - 16 = -2*q, -34 = -n*q - 4*c. Suppose q*z - 2*z = -4*g + 236, 0 = -2*z - 4. Calculate the remainder when g is divided by 21.
19
Let w be 2/(-7) + 30/7. Suppose 5*z = -2*d - 0*z + 8, 12 = 3*d - 3*z. Calculate the remainder when d is divided by 1 + w - 4/2.
1
Suppose 0 = 3*u - 2*u - 44. Calculate the remainder when u is divided by 15.
14
Let t(c) = -16 - 3*c**2 - 18*c + 6*c + 2*c**2. What is the remainder when t(-8) is divided by 6?
4
Suppose -3*w - 2 = 4*f + 4, 10 = 5*w. Let t = 0 - f. Let k(j) = 2*j**2 + j - 1. Calculate the remainder when t is divided by k(1).
1
Let p be 2 + 0 - (8 + -8). Suppose p*a + 3 = -h, -4*a - 4 = -3*h + 17. Calculate the remainder when 4 is divided by h.
1
Suppose 0 = 2*o - 0*o - 6. Suppose -3*d + 247 = 2*b, 237 = o*d - 2*b - b. What is the remainder when d is divided by 21?
18
Suppose 3*x + 0 + 6 = 0. Let l(u) = 2*u**2 + 2*u - 2. What is the remainder when l(x) is divided by 1?
0
Suppose 4*h - 5*n - 25 = 0, -4*h + 0*n - 4*n + 16 = 0. Suppose -h*z = -144 - 36. Let j = 55 - z. What is the remainder when j is divided by 10?
9
Let w(y) = -y**3 - 4*y**2 + 9*y + 3. Calculate the remainder when 61 is divided by w(-6).
19
Suppose 11*o - 14 = 52. Calculate the 